Last updated on 2024-04-28 12:54:41 CEST.
Flavor | Version | Tinstall | Tcheck | Ttotal | Status | Flags |
---|---|---|---|---|---|---|
r-devel-linux-x86_64-debian-clang | 1.0.3 | 14.28 | 197.13 | 211.41 | OK | |
r-devel-linux-x86_64-debian-gcc | 1.0.3 | 11.89 | 145.68 | 157.57 | OK | |
r-devel-linux-x86_64-fedora-clang | 1.0.3 | 280.81 | NOTE | |||
r-devel-linux-x86_64-fedora-gcc | 1.0.3 | 298.40 | NOTE | |||
r-devel-windows-x86_64 | 1.0.3 | 13.00 | 197.00 | 210.00 | OK | |
r-patched-linux-x86_64 | 1.0.3 | 13.81 | 183.85 | 197.66 | OK | |
r-release-linux-x86_64 | 1.0.3 | 14.36 | 185.43 | 199.79 | OK | |
r-release-macos-arm64 | 1.0.3 | 89.00 | OK | |||
r-release-windows-x86_64 | 1.0.3 | 13.00 | 212.00 | 225.00 | OK | |
r-oldrel-macos-arm64 | 1.0.3 | 95.00 | OK | |||
r-oldrel-macos-x86_64 | 1.0.3 | 216.00 | OK | |||
r-oldrel-windows-x86_64 | 1.0.3 | 18.00 | 211.00 | 229.00 | OK |
Version: 1.0.3
Check: dependencies in R code
Result: NOTE
Namespaces in Imports field not imported from:
‘e1071’ ‘glue’
All declared Imports should be used.
Flavors: r-devel-linux-x86_64-fedora-clang, r-devel-linux-x86_64-fedora-gcc