Last updated on 2024-05-05 20:53:20 CEST.
Flavor | Version | Tinstall | Tcheck | Ttotal | Status | Flags |
---|---|---|---|---|---|---|
r-devel-linux-x86_64-debian-clang | 1.0.11 | 9.31 | 103.50 | 112.81 | NOTE | |
r-devel-linux-x86_64-debian-gcc | 1.0.11 | 9.65 | 74.56 | 84.21 | NOTE | |
r-devel-linux-x86_64-fedora-clang | 1.0.11 | 142.67 | NOTE | |||
r-devel-linux-x86_64-fedora-gcc | 1.0.11 | 163.65 | NOTE | |||
r-devel-windows-x86_64 | 1.0.11 | 10.00 | 91.00 | 101.00 | NOTE | |
r-patched-linux-x86_64 | 1.0.11 | 12.21 | 98.29 | 110.50 | NOTE | |
r-release-linux-x86_64 | 1.0.11 | 7.28 | 96.61 | 103.89 | NOTE | |
r-release-macos-arm64 | 1.0.11 | 45.00 | NOTE | |||
r-release-macos-x86_64 | 1.0.11 | 80.00 | NOTE | |||
r-release-windows-x86_64 | 1.0.11 | 11.00 | 89.00 | 100.00 | NOTE | |
r-oldrel-macos-arm64 | 1.0.11 | 71.00 | NOTE | |||
r-oldrel-macos-x86_64 | 1.0.11 | 87.00 | NOTE | |||
r-oldrel-windows-x86_64 | 1.0.11 | 13.00 | 101.00 | 114.00 | NOTE |
Version: 1.0.11
Check: package subdirectories
Result: NOTE
Problems with news in ‘NEWS.md’:
No news entries found.
Flavors: r-devel-linux-x86_64-debian-clang, r-devel-linux-x86_64-debian-gcc, r-devel-linux-x86_64-fedora-clang, r-devel-linux-x86_64-fedora-gcc, r-devel-windows-x86_64, r-patched-linux-x86_64, r-release-linux-x86_64, r-release-macos-arm64, r-release-macos-x86_64, r-release-windows-x86_64, r-oldrel-macos-arm64, r-oldrel-macos-x86_64, r-oldrel-windows-x86_64