Last updated on 2024-05-05 20:53:21 CEST.
Flavor | Version | Tinstall | Tcheck | Ttotal | Status | Flags |
---|---|---|---|---|---|---|
r-devel-linux-x86_64-debian-clang | 0.1.1 | 2.67 | 26.89 | 29.56 | OK | |
r-devel-linux-x86_64-debian-gcc | 0.1.1 | 2.28 | 21.18 | 23.46 | OK | |
r-devel-linux-x86_64-fedora-clang | 0.1.1 | 39.21 | NOTE | |||
r-devel-linux-x86_64-fedora-gcc | 0.1.1 | 49.79 | NOTE | |||
r-devel-windows-x86_64 | 0.1.1 | 5.00 | 46.00 | 51.00 | OK | |
r-patched-linux-x86_64 | 0.1.1 | 2.80 | 25.67 | 28.47 | OK | |
r-release-linux-x86_64 | 0.1.1 | 1.70 | 25.30 | 27.00 | OK | |
r-release-macos-arm64 | 0.1.1 | 22.00 | OK | |||
r-release-windows-x86_64 | 0.1.1 | 4.00 | 46.00 | 50.00 | OK | |
r-oldrel-macos-arm64 | 0.1.1 | 21.00 | OK | |||
r-oldrel-macos-x86_64 | 0.1.1 | 28.00 | OK | |||
r-oldrel-windows-x86_64 | 0.1.1 | 4.00 | 41.00 | 45.00 | OK |
Version: 0.1.1
Check: dependencies in R code
Result: NOTE
Namespaces in Imports field not imported from:
‘dplyr’ ‘glue’ ‘httpcode’ ‘httr’ ‘jsonlite’ ‘tidyr’
All declared Imports should be used.
Flavors: r-devel-linux-x86_64-fedora-clang, r-devel-linux-x86_64-fedora-gcc