Last updated on 2024-05-05 20:53:21 CEST.
Flavor | Version | Tinstall | Tcheck | Ttotal | Status | Flags |
---|---|---|---|---|---|---|
r-devel-linux-x86_64-debian-clang | 1.2.0 | 199.64 | 175.49 | 375.13 | NOTE | |
r-devel-linux-x86_64-debian-gcc | 1.2.0 | 169.92 | 130.03 | 299.95 | NOTE | |
r-devel-linux-x86_64-fedora-clang | 1.2.0 | 490.38 | NOTE | |||
r-devel-linux-x86_64-fedora-gcc | 1.2.0 | 534.36 | NOTE | |||
r-devel-windows-x86_64 | 1.2.0 | 137.00 | 152.00 | 289.00 | NOTE | |
r-patched-linux-x86_64 | 1.2.0 | 202.13 | 172.30 | 374.43 | NOTE | |
r-release-linux-x86_64 | 1.2.0 | 199.28 | 166.96 | 366.24 | NOTE | |
r-release-macos-arm64 | 1.2.0 | 104.00 | NOTE | |||
r-release-windows-x86_64 | 1.2.0 | 142.00 | 152.00 | 294.00 | NOTE | |
r-oldrel-macos-arm64 | 1.2.0 | 120.00 | NOTE | |||
r-oldrel-macos-x86_64 | 1.2.0 | 212.00 | NOTE | |||
r-oldrel-windows-x86_64 | 1.2.0 | 170.00 | 196.00 | 366.00 | NOTE |
Version: 1.2.0
Check: Rd files
Result: NOTE
checkRd: (-1) loss.Rd:24: Lost braces in \itemize; meant \describe ?
checkRd: (-1) loss.Rd:25-26: Lost braces in \itemize; meant \describe ?
checkRd: (-1) loss.Rd:27: Lost braces in \itemize; meant \describe ?
checkRd: (-1) loss.Rd:32-33: Lost braces in \itemize; meant \describe ?
checkRd: (-1) loss.Rd:34-35: Lost braces in \itemize; meant \describe ?
checkRd: (-1) mixture-opera.Rd:79: Lost braces in \itemize; meant \describe ?
checkRd: (-1) mixture-opera.Rd:80: Lost braces in \itemize; meant \describe ?
checkRd: (-1) mixture-opera.Rd:81: Lost braces in \itemize; meant \describe ?
checkRd: (-1) mixture-opera.Rd:82: Lost braces in \itemize; meant \describe ?
checkRd: (-1) mixture-opera.Rd:83: Lost braces in \itemize; meant \describe ?
checkRd: (-1) mixture-opera.Rd:84: Lost braces in \itemize; meant \describe ?
checkRd: (-1) mixture-opera.Rd:85: Lost braces in \itemize; meant \describe ?
checkRd: (-1) plot.mixture.Rd:33: Lost braces in \itemize; meant \describe ?
checkRd: (-1) plot.mixture.Rd:34: Lost braces in \itemize; meant \describe ?
Flavors: r-devel-linux-x86_64-debian-clang, r-devel-linux-x86_64-debian-gcc, r-devel-linux-x86_64-fedora-clang, r-devel-linux-x86_64-fedora-gcc, r-devel-windows-x86_64, r-patched-linux-x86_64, r-release-linux-x86_64, r-release-macos-arm64, r-release-windows-x86_64
Version: 1.2.0
Check: dependencies in R code
Result: NOTE
Namespace in Imports field not imported from: ‘Rdpack’
All declared Imports should be used.
Flavors: r-devel-linux-x86_64-fedora-clang, r-devel-linux-x86_64-fedora-gcc
Version: 1.2.0
Check: installed package size
Result: NOTE
installed size is 35.0Mb
sub-directories of 1Mb or more:
extdata 2.1Mb
libs 31.3Mb
Flavors: r-release-macos-arm64, r-oldrel-macos-arm64, r-oldrel-macos-x86_64, r-oldrel-windows-x86_64