Last updated on 2024-05-05 20:53:21 CEST.
Flavor | Version | Tinstall | Tcheck | Ttotal | Status | Flags |
---|---|---|---|---|---|---|
r-devel-linux-x86_64-debian-clang | 2.4-3 | 107.58 | 36.26 | 143.84 | OK | |
r-devel-linux-x86_64-debian-gcc | 2.4-3 | 77.07 | 27.23 | 104.30 | OK | |
r-devel-linux-x86_64-fedora-clang | 2.4-3 | 217.65 | OK | |||
r-devel-linux-x86_64-fedora-gcc | 2.4-3 | 200.64 | OK | |||
r-devel-windows-x86_64 | 2.4-3 | 82.00 | 73.00 | 155.00 | OK | |
r-patched-linux-x86_64 | 2.4-3 | 100.54 | 35.06 | 135.60 | OK | |
r-release-linux-x86_64 | 2.4-3 | 95.12 | 34.30 | 129.42 | OK | |
r-release-macos-arm64 | 2.4-3 | 45.00 | NOTE | |||
r-release-windows-x86_64 | 2.4-3 | 82.00 | 68.00 | 150.00 | OK | |
r-oldrel-macos-arm64 | 2.4-3 | 50.00 | NOTE | |||
r-oldrel-macos-x86_64 | 2.4-3 | 84.00 | NOTE | |||
r-oldrel-windows-x86_64 | 2.4-3 | 99.00 | 78.00 | 177.00 | OK |
Version: 2.4-3
Check: installed package size
Result: NOTE
installed size is 5.7Mb
sub-directories of 1Mb or more:
libs 5.6Mb
Flavors: r-release-macos-arm64, r-oldrel-macos-arm64, r-oldrel-macos-x86_64