Last updated on 2024-05-05 20:53:22 CEST.
Flavor | Version | Tinstall | Tcheck | Ttotal | Status | Flags |
---|---|---|---|---|---|---|
r-devel-linux-x86_64-debian-clang | 1.8.9 | 28.81 | 87.79 | 116.60 | OK | |
r-devel-linux-x86_64-debian-gcc | 1.8.9 | 18.28 | 63.94 | 82.22 | OK | |
r-devel-linux-x86_64-fedora-clang | 1.8.9 | 143.36 | OK | |||
r-devel-linux-x86_64-fedora-gcc | 1.8.9 | 135.48 | OK | |||
r-devel-windows-x86_64 | 1.8.9 | 22.00 | 110.00 | 132.00 | OK | |
r-patched-linux-x86_64 | 1.8.9 | 29.22 | 84.01 | 113.23 | OK | |
r-release-linux-x86_64 | 1.8.9 | 25.56 | 80.91 | 106.47 | OK | |
r-release-macos-arm64 | 1.8.9 | 41.00 | NOTE | |||
r-release-windows-x86_64 | 1.8.9 | 2.00 | 5.00 | 7.00 | ERROR | |
r-oldrel-macos-arm64 | 1.8.9 | 52.00 | OK | |||
r-oldrel-macos-x86_64 | 1.8.9 | 115.00 | OK | |||
r-oldrel-windows-x86_64 | 1.8.9 | 29.00 | 133.00 | 162.00 | OK |
Version: 1.8.9
Check: package dependencies
Result: NOTE
Package suggested but not available for checking: ‘abind’
Flavor: r-release-macos-arm64
Version: 1.8.9
Check: whether package can be installed
Result: ERROR
Installation failed.
Flavor: r-release-windows-x86_64