Last updated on 2024-05-05 20:53:23 CEST.
Flavor | Version | Tinstall | Tcheck | Ttotal | Status | Flags |
---|---|---|---|---|---|---|
r-devel-linux-x86_64-debian-clang | 0.99-3 | 4.26 | 99.85 | 104.11 | NOTE | |
r-devel-linux-x86_64-debian-gcc | 0.99-3 | 4.45 | 70.46 | 74.91 | NOTE | |
r-devel-linux-x86_64-fedora-clang | 0.99-3 | 136.90 | NOTE | |||
r-devel-linux-x86_64-fedora-gcc | 0.99-3 | 149.36 | NOTE | |||
r-devel-windows-x86_64 | 0.99-3 | 5.00 | 108.00 | 113.00 | NOTE | |
r-patched-linux-x86_64 | 0.99-3 | 5.97 | 94.77 | 100.74 | NOTE | |
r-release-linux-x86_64 | 0.99-3 | 6.15 | 95.38 | 101.53 | NOTE | |
r-release-macos-arm64 | 0.99-3 | 44.00 | NOTE | |||
r-release-windows-x86_64 | 0.99-3 | 5.00 | 109.00 | 114.00 | NOTE | |
r-oldrel-macos-arm64 | 0.99-3 | 51.00 | OK | |||
r-oldrel-macos-x86_64 | 0.99-3 | 81.00 | OK | |||
r-oldrel-windows-x86_64 | 0.99-3 | 5.00 | 115.00 | 120.00 | OK |
Version: 0.99-3
Check: Rd files
Result: NOTE
checkRd: (-1) proftools-package.Rd:40: Lost braces
40 | by the code{kcachegrind} program available on some operating
| ^
Flavors: r-devel-linux-x86_64-debian-clang, r-devel-linux-x86_64-debian-gcc, r-devel-linux-x86_64-fedora-clang, r-devel-linux-x86_64-fedora-gcc, r-devel-windows-x86_64, r-patched-linux-x86_64, r-release-linux-x86_64, r-release-macos-arm64, r-release-windows-x86_64