Last updated on 2024-05-05 20:53:23 CEST.
Flavor | Version | Tinstall | Tcheck | Ttotal | Status | Flags |
---|---|---|---|---|---|---|
r-devel-linux-x86_64-debian-clang | 1.5.0 | 3.48 | 46.16 | 49.64 | OK | |
r-devel-linux-x86_64-debian-gcc | 1.5.0 | 2.98 | 34.85 | 37.83 | OK | |
r-devel-linux-x86_64-fedora-clang | 1.5.0 | 64.36 | NOTE | |||
r-devel-linux-x86_64-fedora-gcc | 1.5.0 | 77.44 | NOTE | |||
r-devel-windows-x86_64 | 1.5.0 | 4.00 | 60.00 | 64.00 | OK | |
r-patched-linux-x86_64 | 1.5.0 | 3.86 | 44.26 | 48.12 | OK | |
r-release-linux-x86_64 | 1.5.0 | 3.45 | 44.17 | 47.62 | OK | |
r-release-macos-arm64 | 1.5.0 | 28.00 | OK | |||
r-release-macos-x86_64 | 1.5.0 | 94.00 | OK | |||
r-release-windows-x86_64 | 1.5.0 | 4.00 | 60.00 | 64.00 | OK | |
r-oldrel-macos-arm64 | 1.5.0 | 33.00 | OK | |||
r-oldrel-macos-x86_64 | 1.5.0 | 95.00 | OK | |||
r-oldrel-windows-x86_64 | 1.5.0 | 4.00 | 62.00 | 66.00 | OK |
Version: 1.5.0
Check: data for non-ASCII characters
Result: NOTE
Note: found 21 marked Latin-1 strings
Note: found 150 marked UTF-8 strings
Flavors: r-devel-linux-x86_64-fedora-clang, r-devel-linux-x86_64-fedora-gcc