Last updated on 2024-05-05 20:53:23 CEST.
Flavor | Version | Tinstall | Tcheck | Ttotal | Status | Flags |
---|---|---|---|---|---|---|
r-devel-linux-x86_64-debian-clang | 1.2 | 93.45 | 106.98 | 200.43 | NOTE | |
r-devel-linux-x86_64-debian-gcc | 1.2 | 70.82 | 76.35 | 147.17 | NOTE | |
r-devel-linux-x86_64-fedora-clang | 1.2 | 262.19 | NOTE | |||
r-devel-linux-x86_64-fedora-gcc | 1.2 | 257.83 | NOTE | |||
r-devel-windows-x86_64 | 1.2 | 70.00 | 108.00 | 178.00 | NOTE | |
r-patched-linux-x86_64 | 1.2 | 87.44 | 98.92 | 186.36 | NOTE | |
r-release-linux-x86_64 | 1.2 | 93.09 | 98.54 | 191.63 | NOTE | |
r-release-macos-arm64 | 1.2 | 60.00 | NOTE | |||
r-release-windows-x86_64 | 1.2 | 71.00 | 109.00 | 180.00 | NOTE | |
r-oldrel-macos-arm64 | 1.2 | 73.00 | OK | |||
r-oldrel-macos-x86_64 | 1.2 | 113.00 | OK | |||
r-oldrel-windows-x86_64 | 1.2 | 85.00 | 128.00 | 213.00 | OK |
Version: 1.2
Check: Rd files
Result: NOTE
checkRd: (-1) prototest.univariate.Rd:21: Lost braces
21 | response variable. Vector of length emph{n}, assumed to be quantitative.
| ^
Flavors: r-devel-linux-x86_64-debian-clang, r-devel-linux-x86_64-debian-gcc, r-devel-linux-x86_64-fedora-clang, r-devel-linux-x86_64-fedora-gcc, r-devel-windows-x86_64, r-patched-linux-x86_64, r-release-linux-x86_64, r-release-macos-arm64, r-release-windows-x86_64
Version: 1.2
Check: compiled code
Result: NOTE
File ‘prototest/libs/prototest.so’:
Found no calls to: ‘R_registerRoutines’, ‘R_useDynamicSymbols’
It is good practice to register native routines and to disable symbol
search.
See ‘Writing portable packages’ in the ‘Writing R Extensions’ manual.
Flavors: r-devel-linux-x86_64-fedora-clang, r-devel-linux-x86_64-fedora-gcc