Last updated on 2024-04-28 00:06:55 CEST.
Flavor | Version | Tinstall | Tcheck | Ttotal | Status | Flags |
---|---|---|---|---|---|---|
r-devel-linux-x86_64-debian-clang | 0.1.14 | 128.78 | 370.96 | 499.74 | NOTE | |
r-devel-linux-x86_64-debian-gcc | 0.1.14 | 103.10 | 259.54 | 362.64 | NOTE | |
r-devel-linux-x86_64-fedora-clang | 0.1.14 | 626.26 | NOTE | |||
r-devel-linux-x86_64-fedora-gcc | 0.1.14 | 628.74 | NOTE | |||
r-devel-windows-x86_64 | 0.1.14 | 91.00 | 261.00 | 352.00 | NOTE | |
r-patched-linux-x86_64 | 0.1.14 | 114.62 | 343.47 | 458.09 | NOTE | |
r-release-linux-x86_64 | 0.1.14 | 127.89 | 342.47 | 470.36 | OK | |
r-release-macos-arm64 | 0.1.14 | 139.00 | NOTE | |||
r-release-windows-x86_64 | 0.1.14 | 96.00 | 255.00 | 351.00 | NOTE | |
r-oldrel-macos-arm64 | 0.1.14 | 157.00 | NOTE | |||
r-oldrel-macos-x86_64 | 0.1.14 | 368.00 | NOTE | |||
r-oldrel-windows-x86_64 | 0.1.14 | 124.00 | 346.00 | 470.00 | OK |
Version: 0.1.14
Check: Rd files
Result: NOTE
checkRd: (-1) find_lcp.Rd:60: Lost braces in \itemize; \value handles \item{}{} directly
checkRd: (-1) find_lcp.Rd:61: Lost braces in \itemize; \value handles \item{}{} directly
checkRd: (-1) find_lcp.Rd:62: Lost braces in \itemize; \value handles \item{}{} directly
checkRd: (-1) find_lcp.Rd:63-65: Lost braces in \itemize; \value handles \item{}{} directly
checkRd: (-1) find_lcp.Rd:66: Lost braces in \itemize; \value handles \item{}{} directly
checkRd: (-1) find_lcp.Rd:67: Lost braces in \itemize; \value handles \item{}{} directly
checkRd: (-1) summarize_lcps.Rd:17: Lost braces in \itemize; \value handles \item{}{} directly
checkRd: (-1) summarize_lcps.Rd:18-19: Lost braces in \itemize; \value handles \item{}{} directly
checkRd: (-1) summarize_lcps.Rd:20: Lost braces in \itemize; \value handles \item{}{} directly
checkRd: (-1) summarize_lcps.Rd:21: Lost braces in \itemize; \value handles \item{}{} directly
checkRd: (-1) summarize_lcps.Rd:22: Lost braces in \itemize; \value handles \item{}{} directly
checkRd: (-1) summarize_lcps.Rd:23-25: Lost braces in \itemize; \value handles \item{}{} directly
Flavors: r-devel-linux-x86_64-debian-clang, r-devel-linux-x86_64-debian-gcc, r-devel-linux-x86_64-fedora-clang, r-devel-linux-x86_64-fedora-gcc, r-devel-windows-x86_64, r-patched-linux-x86_64, r-release-macos-arm64, r-release-windows-x86_64
Version: 0.1.14
Check: installed package size
Result: NOTE
installed size is 10.9Mb
sub-directories of 1Mb or more:
doc 1.7Mb
libs 8.3Mb
Flavors: r-release-macos-arm64, r-oldrel-macos-arm64, r-oldrel-macos-x86_64