Last updated on 2024-05-05 20:53:25 CEST.
Flavor | Version | Tinstall | Tcheck | Ttotal | Status | Flags |
---|---|---|---|---|---|---|
r-devel-linux-x86_64-debian-clang | 2.0.1 | 157.60 | 385.09 | 542.69 | NOTE | |
r-devel-linux-x86_64-debian-gcc | 2.0.1 | 133.22 | 431.09 | 564.31 | NOTE | |
r-devel-linux-x86_64-fedora-clang | 2.0.1 | 1093.03 | NOTE | |||
r-devel-linux-x86_64-fedora-gcc | 2.0.1 | 972.38 | NOTE | |||
r-devel-windows-x86_64 | 2.0.1 | 117.00 | 618.00 | 735.00 | NOTE | |
r-patched-linux-x86_64 | 2.0.1 | 127.37 | 574.77 | 702.14 | NOTE | |
r-release-linux-x86_64 | 2.0.1 | 117.93 | 584.46 | 702.39 | NOTE | |
r-release-macos-arm64 | 2.0.1 | 162.00 | NOTE | |||
r-release-macos-x86_64 | 2.0.1 | 488.00 | NOTE | |||
r-release-windows-x86_64 | 2.0.1 | 125.00 | 611.00 | 736.00 | NOTE | |
r-oldrel-macos-arm64 | 2.0.1 | 170.00 | NOTE | |||
r-oldrel-macos-x86_64 | 2.0.1 | 448.00 | NOTE | |||
r-oldrel-windows-x86_64 | 2.0.1 | 155.00 | 814.00 | 969.00 | NOTE |
Version: 2.0.1
Check: package dependencies
Result: NOTE
Packages suggested but not available for checking:
'AnnotationDbi', 'DESeq2', 'DoubletFinder', 'GenomicRanges',
'org.Hs.eg.db', 'RcppPlanc', 'reactome.db', 'SingleCellExperiment',
'SummarizedExperiment'
Flavor: r-devel-linux-x86_64-debian-clang
Version: 2.0.1
Check: package dependencies
Result: NOTE
Packages suggested but not available for checking:
'DoubletFinder', 'RcppPlanc'
Flavors: r-devel-linux-x86_64-debian-gcc, r-devel-linux-x86_64-fedora-clang, r-devel-linux-x86_64-fedora-gcc, r-devel-windows-x86_64, r-patched-linux-x86_64, r-release-linux-x86_64, r-release-macos-x86_64, r-release-windows-x86_64, r-oldrel-windows-x86_64
Version: 2.0.1
Check: Rd cross-references
Result: NOTE
Undeclared package ‘viridisLite’ in Rd xrefs
Flavor: r-devel-linux-x86_64-fedora-clang
Version: 2.0.1
Check: package dependencies
Result: NOTE
Packages suggested but not available for checking:
'DoubletFinder', 'RcppPlanc', 'reactome.db'
Flavor: r-release-macos-arm64
Version: 2.0.1
Check: installed package size
Result: NOTE
installed size is 8.2Mb
sub-directories of 1Mb or more:
libs 5.3Mb
Flavors: r-release-macos-arm64, r-release-macos-x86_64, r-oldrel-macos-arm64, r-oldrel-macos-x86_64
Version: 2.0.1
Check: package dependencies
Result: NOTE
Packages suggested but not available for checking:
'DoubletFinder', 'EnhancedVolcano', 'RcppPlanc', 'reactome.db'
Flavors: r-oldrel-macos-arm64, r-oldrel-macos-x86_64