Last updated on 2024-05-05 20:53:25 CEST.
Flavor | Version | Tinstall | Tcheck | Ttotal | Status | Flags |
---|---|---|---|---|---|---|
r-devel-linux-x86_64-debian-clang | 1.0.0 | 7.86 | 23.29 | 31.15 | OK | |
r-devel-linux-x86_64-debian-gcc | 1.0.0 | 7.19 | 17.87 | 25.06 | OK | |
r-devel-linux-x86_64-fedora-clang | 1.0.0 | 39.78 | NOTE | |||
r-devel-linux-x86_64-fedora-gcc | 1.0.0 | 38.08 | NOTE | |||
r-devel-windows-x86_64 | 1.0.0 | 8.00 | 40.00 | 48.00 | OK | |
r-patched-linux-x86_64 | 1.0.0 | 6.44 | 22.37 | 28.81 | OK | |
r-release-linux-x86_64 | 1.0.0 | 7.77 | 22.21 | 29.98 | OK | |
r-release-macos-arm64 | 1.0.0 | 18.00 | OK | |||
r-release-macos-x86_64 | 1.0.0 | 49.00 | OK | |||
r-release-windows-x86_64 | 1.0.0 | 8.00 | 41.00 | 49.00 | OK | |
r-oldrel-macos-arm64 | 1.0.0 | 27.00 | OK | |||
r-oldrel-macos-x86_64 | 1.0.0 | 47.00 | OK | |||
r-oldrel-windows-x86_64 | 1.0.0 | 7.00 | 40.00 | 47.00 | OK |
Version: 1.0.0
Check: data for non-ASCII characters
Result: NOTE
Note: found 26259 marked UTF-8 strings
Flavors: r-devel-linux-x86_64-fedora-clang, r-devel-linux-x86_64-fedora-gcc