Last updated on 2024-05-05 20:53:26 CEST.
Flavor | Version | Tinstall | Tcheck | Ttotal | Status | Flags |
---|---|---|---|---|---|---|
r-devel-linux-x86_64-debian-clang | 0.2.0 | 2.42 | 31.63 | 34.05 | NOTE | |
r-devel-linux-x86_64-debian-gcc | 0.2.0 | 1.76 | 24.01 | 25.77 | NOTE | |
r-devel-linux-x86_64-fedora-clang | 0.2.0 | 41.96 | NOTE | |||
r-devel-linux-x86_64-fedora-gcc | 0.2.0 | 39.97 | NOTE | |||
r-devel-windows-x86_64 | 0.2.0 | 3.00 | 46.00 | 49.00 | NOTE | |
r-patched-linux-x86_64 | 0.2.0 | 2.36 | 30.62 | 32.98 | NOTE | |
r-release-linux-x86_64 | 0.2.0 | 1.81 | 29.72 | 31.53 | NOTE | |
r-release-macos-arm64 | 0.2.0 | 18.00 | NOTE | |||
r-release-windows-x86_64 | 0.2.0 | 4.00 | 46.00 | 50.00 | NOTE | |
r-oldrel-macos-arm64 | 0.2.0 | 19.00 | NOTE | |||
r-oldrel-macos-x86_64 | 0.2.0 | 23.00 | NOTE | |||
r-oldrel-windows-x86_64 | 0.2.0 | 4.00 | 49.00 | 53.00 | NOTE |
Version: 0.2.0
Check: LazyData
Result: NOTE
'LazyData' is specified without a 'data' directory
Flavors: r-devel-linux-x86_64-debian-clang, r-devel-linux-x86_64-debian-gcc, r-devel-linux-x86_64-fedora-clang, r-devel-linux-x86_64-fedora-gcc, r-devel-windows-x86_64, r-patched-linux-x86_64, r-release-linux-x86_64, r-release-macos-arm64, r-release-windows-x86_64, r-oldrel-macos-arm64, r-oldrel-macos-x86_64, r-oldrel-windows-x86_64