Last updated on 2024-05-05 20:53:26 CEST.
Flavor | Version | Tinstall | Tcheck | Ttotal | Status | Flags |
---|---|---|---|---|---|---|
r-devel-linux-x86_64-debian-clang | 1.6 | 7.06 | 64.02 | 71.08 | NOTE | |
r-devel-linux-x86_64-debian-gcc | 1.6 | 4.98 | 48.83 | 53.81 | NOTE | |
r-devel-linux-x86_64-fedora-clang | 1.6 | 94.85 | NOTE | |||
r-devel-linux-x86_64-fedora-gcc | 1.6 | 100.94 | NOTE | |||
r-devel-windows-x86_64 | 1.6 | 7.00 | 113.00 | 120.00 | NOTE | |
r-patched-linux-x86_64 | 1.6 | 5.75 | 61.54 | 67.29 | NOTE | |
r-release-linux-x86_64 | 1.6 | 4.81 | 63.09 | 67.90 | NOTE | |
r-release-macos-arm64 | 1.6 | 43.00 | NOTE | |||
r-release-windows-x86_64 | 1.6 | 6.00 | 113.00 | 119.00 | NOTE | |
r-oldrel-macos-arm64 | 1.6 | 39.00 | NOTE | |||
r-oldrel-macos-x86_64 | 1.6 | 52.00 | NOTE | |||
r-oldrel-windows-x86_64 | 1.6 | 8.00 | 110.00 | 118.00 | NOTE |
Version: 1.6
Check: LazyData
Result: NOTE
'LazyData' is specified without a 'data' directory
Flavors: r-devel-linux-x86_64-debian-clang, r-devel-linux-x86_64-debian-gcc, r-devel-linux-x86_64-fedora-clang, r-devel-linux-x86_64-fedora-gcc, r-devel-windows-x86_64, r-patched-linux-x86_64, r-release-linux-x86_64, r-release-macos-arm64, r-release-windows-x86_64, r-oldrel-macos-arm64, r-oldrel-macos-x86_64, r-oldrel-windows-x86_64