Last updated on 2024-05-05 20:53:27 CEST.
Flavor | Version | Tinstall | Tcheck | Ttotal | Status | Flags |
---|---|---|---|---|---|---|
r-devel-linux-x86_64-debian-clang | 0.9.20 | 22.93 | 638.32 | 661.25 | OK | |
r-devel-linux-x86_64-debian-gcc | 0.9.20 | 15.82 | 479.13 | 494.95 | OK | |
r-devel-linux-x86_64-fedora-clang | 0.9.20 | 806.41 | OK | |||
r-devel-linux-x86_64-fedora-gcc | 0.9.20 | 811.03 | OK | |||
r-devel-windows-x86_64 | 0.9.20 | 21.00 | 385.00 | 406.00 | OK | |
r-patched-linux-x86_64 | 0.9.20 | 25.85 | 642.85 | 668.70 | NOTE | |
r-release-linux-x86_64 | 0.9.20 | 12.84 | 645.54 | 658.38 | NOTE | |
r-release-macos-arm64 | 0.9.20 | 195.00 | OK | |||
r-release-macos-x86_64 | 0.9.20 | 559.00 | NOTE | |||
r-release-windows-x86_64 | 0.9.20 | 18.00 | 379.00 | 397.00 | OK | |
r-oldrel-macos-arm64 | 0.9.20 | 194.00 | OK | |||
r-oldrel-macos-x86_64 | 0.9.20 | 569.00 | OK | |||
r-oldrel-windows-x86_64 | 0.9.20 | 23.00 | 567.00 | 590.00 | OK |
Version: 0.9.20
Check: package dependencies
Result: NOTE
Package suggested but not available for checking: ‘ctsemOMX’
Flavors: r-patched-linux-x86_64, r-release-linux-x86_64, r-release-macos-x86_64