Last updated on 2024-05-05 20:53:27 CEST.
Flavor | Version | Tinstall | Tcheck | Ttotal | Status | Flags |
---|---|---|---|---|---|---|
r-devel-linux-x86_64-debian-clang | 1.0.0 | 2.72 | 25.30 | 28.02 | NOTE | |
r-devel-linux-x86_64-debian-gcc | 1.0.0 | 1.94 | 19.85 | 21.79 | NOTE | |
r-devel-linux-x86_64-fedora-clang | 1.0.0 | 37.59 | NOTE | |||
r-devel-linux-x86_64-fedora-gcc | 1.0.0 | 34.92 | NOTE | |||
r-devel-windows-x86_64 | 1.0.0 | 4.00 | 42.00 | 46.00 | NOTE | |
r-patched-linux-x86_64 | 1.0.0 | 2.85 | 24.49 | 27.34 | NOTE | |
r-release-linux-x86_64 | 1.0.0 | 2.74 | 25.35 | 28.09 | NOTE | |
r-release-macos-arm64 | 1.0.0 | 16.00 | NOTE | |||
r-release-windows-x86_64 | 1.0.0 | 4.00 | 42.00 | 46.00 | NOTE | |
r-oldrel-macos-arm64 | 1.0.0 | 17.00 | NOTE | |||
r-oldrel-macos-x86_64 | 1.0.0 | 21.00 | NOTE | |||
r-oldrel-windows-x86_64 | 1.0.0 | 4.00 | 41.00 | 45.00 | NOTE |
Version: 1.0.0
Check: LazyData
Result: NOTE
'LazyData' is specified without a 'data' directory
Flavors: r-devel-linux-x86_64-debian-clang, r-devel-linux-x86_64-debian-gcc, r-devel-linux-x86_64-fedora-clang, r-devel-linux-x86_64-fedora-gcc, r-devel-windows-x86_64, r-patched-linux-x86_64, r-release-linux-x86_64, r-release-macos-arm64, r-release-windows-x86_64, r-oldrel-macos-arm64, r-oldrel-macos-x86_64, r-oldrel-windows-x86_64