Last updated on 2024-05-05 20:53:29 CEST.
Flavor | Version | Tinstall | Tcheck | Ttotal | Status | Flags |
---|---|---|---|---|---|---|
r-devel-linux-x86_64-debian-clang | 0.2-6 | 10.23 | 23.42 | 33.65 | OK | |
r-devel-linux-x86_64-debian-gcc | 0.2-6 | 7.50 | 18.70 | 26.20 | OK | |
r-devel-linux-x86_64-fedora-clang | 0.2-6 | 42.05 | NOTE | |||
r-devel-linux-x86_64-fedora-gcc | 0.2-6 | 42.64 | OK | |||
r-devel-windows-x86_64 | 0.2-6 | 17.00 | 113.00 | 130.00 | OK | |
r-patched-linux-x86_64 | 0.2-6 | 7.85 | 23.07 | 30.92 | OK | |
r-release-linux-x86_64 | 0.2-6 | 8.63 | 22.95 | 31.58 | OK | |
r-release-macos-arm64 | 0.2-6 | 23.00 | OK | |||
r-release-windows-x86_64 | 0.2-6 | 16.00 | 112.00 | 128.00 | OK | |
r-oldrel-macos-arm64 | 0.2-6 | 34.00 | OK | |||
r-oldrel-macos-x86_64 | 0.2-6 | 53.00 | OK | |||
r-oldrel-windows-x86_64 | 0.2-6 | 18.00 | 125.00 | 143.00 | OK |
Version: 0.2-6
Check: installed package size
Result: NOTE
installed size is 6.8Mb
sub-directories of 1Mb or more:
libs 6.7Mb
Flavor: r-devel-linux-x86_64-fedora-clang