Last updated on 2024-05-05 20:53:29 CEST.
Flavor | Version | Tinstall | Tcheck | Ttotal | Status | Flags |
---|---|---|---|---|---|---|
r-devel-linux-x86_64-debian-clang | 0.15.1 | 18.31 | 234.26 | 252.57 | NOTE | |
r-devel-linux-x86_64-debian-gcc | 0.15.1 | 13.25 | 170.57 | 183.82 | NOTE | |
r-devel-linux-x86_64-fedora-clang | 0.15.1 | 307.40 | NOTE | |||
r-devel-linux-x86_64-fedora-gcc | 0.15.1 | 320.15 | NOTE | |||
r-devel-windows-x86_64 | 0.15.1 | 20.00 | 278.00 | 298.00 | NOTE | |
r-patched-linux-x86_64 | 0.15.1 | 60.54 | 217.60 | 278.14 | NOTE | |
r-release-linux-x86_64 | 0.15.1 | 16.64 | 224.68 | 241.32 | NOTE | |
r-release-macos-arm64 | 0.15.1 | 81.00 | NOTE | |||
r-release-windows-x86_64 | 0.15.1 | 19.00 | 272.00 | 291.00 | NOTE | |
r-oldrel-macos-arm64 | 0.15.1 | 91.00 | OK | |||
r-oldrel-macos-x86_64 | 0.15.1 | 148.00 | OK | |||
r-oldrel-windows-x86_64 | 0.15.1 | 25.00 | 325.00 | 350.00 | OK |
Version: 0.15.1
Check: Rd files
Result: NOTE
checkRd: (-1) tfd_von_mises_fisher.Rd:63: Lost braces; missing escapes or markup?
63 | NOTE: Currently only n in {2, 3, 4, 5} are supported. For n=5 some numerical
| ^
Flavors: r-devel-linux-x86_64-debian-clang, r-devel-linux-x86_64-debian-gcc, r-devel-linux-x86_64-fedora-clang, r-devel-linux-x86_64-fedora-gcc, r-devel-windows-x86_64, r-patched-linux-x86_64, r-release-linux-x86_64, r-release-macos-arm64, r-release-windows-x86_64