Last updated on 2024-05-05 20:53:30 CEST.
Flavor | Version | Tinstall | Tcheck | Ttotal | Status | Flags |
---|---|---|---|---|---|---|
r-devel-linux-x86_64-debian-clang | 0.6.1 | 8.09 | 126.41 | 134.50 | OK | |
r-devel-linux-x86_64-debian-gcc | 0.6.1 | 7.28 | 93.53 | 100.81 | OK | |
r-devel-linux-x86_64-fedora-clang | 0.6.1 | 170.58 | NOTE | |||
r-devel-linux-x86_64-fedora-gcc | 0.6.1 | 179.15 | NOTE | |||
r-devel-windows-x86_64 | 0.6.1 | 10.00 | 123.00 | 133.00 | OK | |
r-patched-linux-x86_64 | 0.6.1 | 10.33 | 120.94 | 131.27 | OK | |
r-release-linux-x86_64 | 0.6.1 | 9.18 | 120.10 | 129.28 | OK | |
r-release-macos-arm64 | 0.6.1 | 63.00 | OK | |||
r-release-windows-x86_64 | 0.6.1 | 9.00 | 122.00 | 131.00 | OK | |
r-oldrel-macos-arm64 | 0.6.1 | 79.00 | OK | |||
r-oldrel-macos-x86_64 | 0.6.1 | 129.00 | OK | |||
r-oldrel-windows-x86_64 | 0.6.1 | 11.00 | 140.00 | 151.00 | OK |
Version: 0.6.1
Check: data for non-ASCII characters
Result: NOTE
Note: found 60 marked UTF-8 strings
Flavors: r-devel-linux-x86_64-fedora-clang, r-devel-linux-x86_64-fedora-gcc