Last updated on 2024-05-05 20:53:30 CEST.
Flavor | Version | Tinstall | Tcheck | Ttotal | Status | Flags |
---|---|---|---|---|---|---|
r-devel-linux-x86_64-debian-clang | 0.1.2 | 48.00 | 41.72 | 89.72 | NOTE | |
r-devel-linux-x86_64-debian-gcc | 0.1.2 | 44.72 | 32.02 | 76.74 | NOTE | |
r-devel-linux-x86_64-fedora-clang | 0.1.2 | 124.01 | NOTE | |||
r-devel-linux-x86_64-fedora-gcc | 0.1.2 | 120.63 | NOTE | |||
r-devel-windows-x86_64 | 0.1.2 | 49.00 | 67.00 | 116.00 | NOTE | |
r-patched-linux-x86_64 | 0.1.2 | 49.65 | 39.81 | 89.46 | NOTE | |
r-release-linux-x86_64 | 0.1.2 | 49.43 | 39.35 | 88.78 | NOTE | |
r-release-macos-arm64 | 0.1.2 | 58.00 | NOTE | |||
r-release-windows-x86_64 | 0.1.2 | 50.00 | 66.00 | 116.00 | NOTE | |
r-oldrel-macos-arm64 | 0.1.2 | 68.00 | NOTE | |||
r-oldrel-macos-x86_64 | 0.1.2 | 86.00 | NOTE | |||
r-oldrel-windows-x86_64 | 0.1.2 | 60.00 | 83.00 | 143.00 | NOTE |
Version: 0.1.2
Check: C++ specification
Result: NOTE
Specified C++14: please drop specification unless essential
Flavors: r-devel-linux-x86_64-debian-clang, r-devel-linux-x86_64-debian-gcc, r-devel-linux-x86_64-fedora-clang, r-devel-linux-x86_64-fedora-gcc, r-devel-windows-x86_64, r-patched-linux-x86_64, r-release-linux-x86_64, r-release-macos-arm64, r-release-windows-x86_64, r-oldrel-macos-arm64, r-oldrel-macos-x86_64, r-oldrel-windows-x86_64
Version: 0.1.2
Check: installed package size
Result: NOTE
installed size is 5.5Mb
sub-directories of 1Mb or more:
data 5.1Mb
Flavors: r-devel-linux-x86_64-fedora-clang, r-devel-windows-x86_64, r-release-macos-arm64, r-release-windows-x86_64, r-oldrel-macos-arm64, r-oldrel-macos-x86_64, r-oldrel-windows-x86_64
Version: 0.1.2
Check: dependencies in R code
Result: NOTE
Namespaces in Imports field not imported from:
‘cpp11’ ‘dplyr’ ‘magrittr’ ‘stringi’
All declared Imports should be used.
Flavors: r-devel-linux-x86_64-fedora-clang, r-devel-linux-x86_64-fedora-gcc
Version: 0.1.2
Check: data for non-ASCII characters
Result: NOTE
Note: found 384749 marked UTF-8 strings
Flavors: r-devel-linux-x86_64-fedora-clang, r-devel-linux-x86_64-fedora-gcc