Last updated on 2024-05-05 20:53:30 CEST.
Flavor | Version | Tinstall | Tcheck | Ttotal | Status | Flags |
---|---|---|---|---|---|---|
r-devel-linux-x86_64-debian-clang | 1.0.0 | 7.82 | 67.61 | 75.43 | NOTE | |
r-devel-linux-x86_64-debian-gcc | 1.0.0 | 6.18 | 50.53 | 56.71 | NOTE | |
r-devel-linux-x86_64-fedora-clang | 1.0.0 | 93.73 | NOTE | |||
r-devel-linux-x86_64-fedora-gcc | 1.0.0 | 88.01 | NOTE | |||
r-devel-windows-x86_64 | 1.0.0 | 9.00 | 69.00 | 78.00 | NOTE | |
r-patched-linux-x86_64 | 1.0.0 | 5.74 | 64.35 | 70.09 | NOTE | |
r-release-linux-x86_64 | 1.0.0 | 6.37 | 64.38 | 70.75 | NOTE | |
r-release-macos-arm64 | 1.0.0 | 33.00 | NOTE | |||
r-release-windows-x86_64 | 1.0.0 | 7.00 | 69.00 | 76.00 | NOTE | |
r-oldrel-macos-arm64 | 1.0.0 | 36.00 | NOTE | |||
r-oldrel-macos-x86_64 | 1.0.0 | 48.00 | NOTE | |||
r-oldrel-windows-x86_64 | 1.0.0 | 10.00 | 76.00 | 86.00 | NOTE |
Version: 1.0.0
Check: LazyData
Result: NOTE
'LazyData' is specified without a 'data' directory
Flavors: r-devel-linux-x86_64-debian-clang, r-devel-linux-x86_64-debian-gcc, r-devel-linux-x86_64-fedora-clang, r-devel-linux-x86_64-fedora-gcc, r-devel-windows-x86_64, r-patched-linux-x86_64, r-release-linux-x86_64, r-release-macos-arm64, r-release-windows-x86_64, r-oldrel-macos-arm64, r-oldrel-macos-x86_64, r-oldrel-windows-x86_64